n divisor of 13 and 33683?
13
What is the greatest common factor of 8 and 4?
4
What is the greatest common factor of 430 and 20?
10
What is the highest common factor of 24 and 1608?
24
Calculate the greatest common divisor of 8 and 128.
8
What is the greatest common factor of 38 and 361?
19
Calculate the greatest common divisor of 7 and 749.
7
What is the highest common factor of 10137 and 109?
109
What is the greatest common factor of 760 and 60?
20
What is the highest common factor of 72 and 1062?
18
Calculate the highest common divisor of 12 and 1536.
12
Calculate the highest common factor of 189 and 3321.
27
Calculate the highest common divisor of 4334 and 88.
22
What is the highest common factor of 660 and 869?
11
What is the greatest common divisor of 763 and 2071?
109
What is the highest common divisor of 38 and 2242?
38
Calculate the highest common divisor of 28 and 1876.
28
What is the greatest common divisor of 11 and 11?
11
Calculate the highest common divisor of 81 and 567.
81
What is the greatest common factor of 416 and 52?
52
Calculate the greatest common divisor of 589 and 31.
31
What is the greatest common divisor of 5980 and 828?
92
What is the highest common factor of 62856 and 162?
162
Calculate the greatest common factor of 1058 and 184.
46
Calculate the greatest common divisor of 7403 and 33.
11
Calculate the highest common divisor of 6 and 10182.
6
What is the highest common factor of 30 and 32385?
15
What is the highest common factor of 1298 and 1062?
118
Calculate the greatest common divisor of 16 and 8.
8
Calculate the greatest common divisor of 455 and 20.
5
What is the highest common divisor of 50 and 2?
2
What is the highest common divisor of 6183 and 54?
27
Calculate the highest common factor of 80 and 656.
16
What is the greatest common divisor of 37 and 444?
37
Calculate the greatest common divisor of 18 and 117.
9
What is the greatest common factor of 1275 and 51?
51
Calculate the greatest common factor of 1083 and 171.
57
Calculate the greatest common factor of 11397 and 87.
87
Calculate the greatest common factor of 272 and 88.
8
What is the highest common factor of 108 and 12582?
54
What is the greatest common factor of 72 and 32?
8
Calculate the highest common divisor of 57 and 62130.
57
Calculate the greatest common divisor of 88 and 13596.
44
What is the highest common factor of 154 and 66?
22
What is the highest common factor of 16 and 184?
8
What is the highest common factor of 105 and 545?
5
Calculate the highest common factor of 163 and 815.
163
What is the greatest common divisor of 30 and 100?
10
Calculate the highest common factor of 224 and 64736.
224
Calculate the highest common divisor of 320 and 41920.
320
What is the greatest common divisor of 48 and 552?
24
Calculate the highest common divisor of 235 and 1833.
47
Calculate the greatest common factor of 84 and 8652.
84
Calculate the highest common factor of 300 and 84.
12
Calculate the greatest common factor of 55 and 6743.
11
Calculate the highest common divisor of 480 and 15.
15
What is the greatest common factor of 3 and 159?
3
Calculate the greatest common divisor of 1179 and 117.
9
What is the greatest common divisor of 357 and 1239?
21
Calculate the greatest common divisor of 8137 and 103.
103
Calculate the greatest common factor of 578 and 204.
34
Calculate the greatest common factor of 68 and 7157.
17
Calculate the highest common factor of 37 and 1184.
37
What is the greatest common factor of 40 and 185?
5
What is the highest common divisor of 266 and 7?
7
What is the highest common factor of 1054 and 62?
62
What is the greatest common factor of 25 and 5?
5
What is the highest common divisor of 2608 and 16?
16
What is the greatest common divisor of 432 and 81?
27
What is the highest common divisor of 4248 and 432?
72
Calculate the greatest common factor of 10 and 410.
10
What is the greatest common divisor of 243 and 135?
27
Calculate the greatest common factor of 80 and 14020.
20
Calculate the highest common factor of 1397 and 143.
11
What is the greatest common factor of 4 and 1662?
2
Calculate the highest common divisor of 13338 and 162.
54
What is the greatest common divisor of 8 and 556?
4
Calculate the highest common factor of 393 and 524.
131
What is the greatest common divisor of 11 and 5324?
11
Calculate the highest common divisor of 10773 and 266.
133
What is the greatest common factor of 24 and 216?
24
What is the highest common divisor of 225 and 225?
225
What is the greatest common divisor of 25 and 12525?
25
What is the greatest common divisor of 208 and 3796?
52
Calculate the greatest common divisor of 640 and 96.
32
Calculate the greatest common divisor of 414 and 50646.
138
Calculate the greatest common factor of 122 and 68686.
122
Calculate the highest common divisor of 4 and 513.
1
What is the greatest common divisor of 166 and 9794?
166
What is the greatest common factor of 34 and 323?
17
Calculate the highest common factor of 1615 and 35.
5
What is the highest common factor of 19 and 361?
19
Calculate the greatest common factor of 1144 and 24.
8
Calculate the greatest common factor of 2 and 37.
1
Calculate the greatest common divisor of 34 and 4148.
34
What is the highest common divisor of 204 and 6?
6
What is the highest common factor of 130 and 2782?
26
Calculate the greatest common divisor of 3744 and 64.
32
Calculate the greatest common factor of 30 and 10.
10
What is the greatest common divisor of 34363 and 7?
7
Calculate the highest common divisor of 99 and 11.
11
What is the highest common factor of 296 and 12136?
296
Calculate the greatest common factor of 16 and 3264.
16
What is the highest common divisor of 476 and 532?
28
What is the highest common factor of 432 and 312?
24
Calculate the highest common divisor of 66 and 572.
22
What is the highest common factor of 14 and 266?
14
What is the greatest common factor of 16670 and 30?
10
Calculate the highest common factor of 24 and 315.
3
Calculate the greatest common factor of 225 and 315.
45
Calculate the highest common factor of 39 and 1508.
13
Calculate the greatest common factor of 117 and 13.
13
What is the greatest common divisor of 539 and 3113?
11
What is the highest common divisor of 31 and 57877?
31
Calculate the highest common factor of 1566 and 4.
2
What is the highest common factor of 13174 and 14?
14
What is the highest common divisor of 9 and 1?
1
What is the greatest common divisor of 220 and 66?
22
Calculate the highest common divisor of 130 and 93600.
130
Calculate the greatest common divisor of 48 and 1408.
16
Calculate the highest common factor of 1008 and 126.
126
Calculate the highest common divisor of 66 and 154.
22
Calculate the highest common divisor of 70 and 175.
35
What is the greatest common factor of 13 and 559?
13
What is the highest common divisor of 54 and 150?
6
Calculate the highest common divisor of 96 and 5856.
96
Calculate the greatest common divisor of 615 and 45.
15
Calculate the highest common factor of 32 and 14.
2
Calculate the highest common factor of 688 and 48.
16
What is the greatest common factor of 1377 and 27?
27
What is the highest common factor of 170 and 816?
34
What is the highest common factor of 33 and 66?
33
What is the greatest common factor of 234 and 13?
13
What is the highest common divisor of 42 and 1029?
21
Calculate the highest common divisor of 13 and 949.
13
What is the highest common factor of 5210 and 10?
10
Calculate the greatest common divisor of 20 and 2420.
20
Calculate the highest common divisor of 3 and 107.
1
Calculate the highest common divisor of 640 and 100.
20
What is the greatest common divisor of 42 and 483?
21
Calculate the highest common divisor of 292 and 23652.
292
What is the highest common divisor of 128 and 800?
32
Calculate the highest common factor of 72 and 1572.
12
What is the greatest common divisor of 544 and 32?
32
What is the highest common divisor of 1216 and 703?
19
Calculate the highest common divisor of 588 and 168.
84
What is the highest common divisor of 34 and 323?
17
Calculate the highest common factor of 6192 and 288.
144
What is the greatest common factor of 82 and 56662?
82
Calculate the greatest common factor of 690 and 450.
30
What is the greate